d 2880.
40
Calculate the highest common factor of 4 and 9.
1
Calculate the highest common factor of 1280 and 80.
80
Calculate the highest common divisor of 1072 and 335.
67
What is the highest common factor of 399 and 5719?
133
Calculate the greatest common factor of 392 and 8.
8
What is the greatest common divisor of 69 and 51?
3
Calculate the highest common factor of 6885 and 15.
15
Calculate the greatest common factor of 343 and 539.
49
Calculate the highest common factor of 781 and 71.
71
Calculate the greatest common factor of 164 and 82.
82
What is the greatest common divisor of 65 and 215?
5
What is the greatest common factor of 5 and 7555?
5
What is the greatest common factor of 7 and 35?
7
What is the greatest common divisor of 14322 and 14?
14
Calculate the greatest common divisor of 1672 and 1.
1
What is the greatest common factor of 30 and 230?
10
Calculate the greatest common divisor of 20 and 340.
20
What is the highest common divisor of 54910 and 19?
19
What is the highest common divisor of 34 and 40?
2
What is the greatest common factor of 45 and 8535?
15
Calculate the greatest common factor of 19708 and 52.
52
What is the greatest common divisor of 3885 and 25?
5
What is the greatest common divisor of 29 and 30421?
29
What is the highest common factor of 308 and 26026?
154
Calculate the highest common divisor of 186 and 651.
93
What is the highest common factor of 36801 and 522?
261
What is the greatest common factor of 253 and 1104?
23
Calculate the highest common divisor of 73 and 292.
73
Calculate the greatest common divisor of 670 and 10.
10
What is the highest common divisor of 9977 and 11?
11
Calculate the greatest common factor of 3228 and 24.
12
What is the highest common divisor of 43 and 4?
1
What is the highest common divisor of 26 and 8?
2
What is the greatest common factor of 432 and 54?
54
What is the highest common factor of 3 and 1077?
3
Calculate the greatest common factor of 373 and 89893.
373
What is the greatest common factor of 8 and 394?
2
What is the highest common factor of 32 and 1?
1
Calculate the highest common divisor of 120 and 11010.
30
Calculate the greatest common divisor of 213 and 7739.
71
What is the highest common factor of 96 and 768?
96
What is the greatest common factor of 154 and 224?
14
What is the greatest common divisor of 80 and 360?
40
What is the highest common factor of 11 and 55?
11
Calculate the highest common divisor of 192 and 16176.
48
What is the highest common factor of 100 and 3020?
20
Calculate the highest common divisor of 576 and 936.
72
What is the highest common divisor of 14 and 994?
14
Calculate the highest common divisor of 4 and 844.
4
Calculate the greatest common factor of 660 and 429.
33
What is the greatest common divisor of 88 and 176?
88
What is the greatest common divisor of 7 and 21?
7
Calculate the highest common factor of 147 and 9.
3
What is the greatest common factor of 90 and 486?
18
What is the greatest common factor of 292 and 12118?
146
Calculate the highest common factor of 20 and 22.
2
What is the greatest common factor of 30 and 1335?
15
What is the highest common divisor of 30 and 6465?
15
Calculate the greatest common factor of 155 and 155.
155
Calculate the highest common divisor of 1164 and 44.
4
What is the highest common factor of 144 and 882?
18
Calculate the greatest common divisor of 2190 and 10.
10
What is the highest common divisor of 119 and 4301?
17
What is the highest common divisor of 11 and 253?
11
What is the greatest common factor of 8533 and 106?
53
Calculate the greatest common divisor of 69 and 24449.
23
What is the highest common factor of 1257 and 19693?
419
Calculate the greatest common divisor of 1314 and 486.
18
What is the highest common divisor of 40 and 65?
5
Calculate the greatest common factor of 7991 and 131.
131
Calculate the highest common factor of 1156 and 204.
68
What is the highest common factor of 5 and 3965?
5
Calculate the highest common factor of 272 and 248.
8
Calculate the greatest common divisor of 560 and 7.
7
What is the greatest common factor of 220 and 11528?
44
What is the highest common divisor of 121 and 99?
11
Calculate the greatest common factor of 225 and 2205.
45
What is the greatest common factor of 3942 and 162?
54
What is the greatest common factor of 154 and 406?
14
Calculate the greatest common factor of 4191 and 33.
33
Calculate the highest common divisor of 71 and 1.
1
What is the greatest common divisor of 10 and 55?
5
What is the highest common divisor of 16 and 4?
4
What is the highest common divisor of 305 and 183?
61
What is the greatest common divisor of 2 and 13?
1
What is the highest common factor of 39 and 5109?
39
What is the highest common divisor of 5311 and 226?
113
What is the highest common divisor of 9 and 3411?
9
What is the greatest common factor of 107 and 963?
107
What is the highest common divisor of 60 and 12?
12
Calculate the highest common divisor of 675 and 5.
5
Calculate the greatest common divisor of 1 and 1004.
1
What is the greatest common divisor of 425 and 34?
17
What is the highest common factor of 350 and 770?
70
What is the highest common factor of 10 and 26?
2
What is the highest common divisor of 20 and 250?
10
Calculate the highest common factor of 17 and 3927.
17
Calculate the greatest common factor of 903 and 344.
43
Calculate the greatest common factor of 108 and 189.
27
What is the highest common factor of 12587 and 451?
41
What is the greatest common factor of 74 and 8?
2
Calculate the greatest common divisor of 296 and 72.
8
Calculate the highest common divisor of 13713 and 63.
21
Calculate the greatest common factor of 348 and 12.
12
Calculate the highest common factor of 1400 and 175.
175
Calculate the greatest common factor of 34 and 1836.
34
Calculate the greatest common divisor of 65 and 13260.
65
Calculate the highest common factor of 6643 and 39.
13
What is the highest common factor of 18565 and 470?
235
Calculate the greatest common divisor of 17 and 122.
1
Calculate the greatest common factor of 368 and 115.
23
What is the greatest common factor of 379 and 2?
1
What is the greatest common divisor of 17 and 2227?
17
What is the highest common factor of 15 and 270?
15
What is the highest common factor of 629 and 592?
37
What is the highest common divisor of 2246 and 2?
2
Calculate the highest common divisor of 8296 and 8.
8
What is the greatest common divisor of 165 and 66?
33
Calculate the highest common divisor of 44 and 869.
11
Calculate the highest common divisor of 564 and 12.
12
What is the greatest common factor of 704 and 484?
44
What is the highest common divisor of 2541 and 13431?
363
Calculate the greatest common divisor of 2162 and 736.
46
Calculate the greatest common divisor of 22 and 275.
11
What is the highest common factor of 6 and 33?
3
What is the greatest common factor of 2478 and 84?
42
Calculate the greatest common factor of 22 and 1309.
11
Calculate the highest common factor of 1964 and 12.
4
What is the highest common divisor of 585 and 2405?
65
Calculate the greatest common divisor of 1825 and 146.
73
Calculate the greatest common factor of 329 and 7.
7
Calculate the greatest common divisor of 52 and 24.
4
Calculate the highest common factor of 369 and 18.
9
Calculate the greatest common factor of 58 and 2494.
58
What is the greatest common factor of 1600 and 256?
64
What is the greatest common divisor of 36 and 512?
4
What is the greatest common divisor of 3872 and 33?
11
What is the greatest common factor of 140 and 3990?
70
What is the greatest common factor of 38 and 2983?
19
Calculate the highest common factor of 23859 and 22.
11
Calculate the highest common factor of 5 and 95.
5
Calculate the greatest common divisor of 30401 and 43.
43
Calculate the greatest common divisor of 360 and 230.
10
Calculate the highest common factor of 13 and 416.
13
What is the greatest common divisor of 108 and 66?
6
Calculate the greatest common divisor of 11 and 781.
11
What is the greatest common factor of 47 and 47?
47
What is the greatest common divisor of 759 and 276?
69
Calculate the highest common divisor of 100 and 96.
4
Calculate the highest common divisor of 143 and 3341.
13
Calculate the highest common facto